of 126463?
3
What is the ten thousands digit of 884667?
8
What is the ten thousands digit of 29435?
2
What is the thousands digit of 24551875?
1
What is the ten millions digit of 11117093?
1
What is the units digit of 6996390?
0
What is the hundreds digit of 33493066?
0
What is the hundred thousands digit of 1605276?
6
What is the units digit of 21105?
5
What is the hundreds digit of 3243179?
1
What is the tens digit of 1640238?
3
What is the ten thousands digit of 3364509?
6
What is the thousands digit of 244626?
4
What is the tens digit of 55546?
4
What is the ten thousands digit of 26953120?
5
What is the hundreds digit of 532029?
0
What is the hundred thousands digit of 2520881?
5
What is the ten thousands digit of 1821192?
2
What is the hundred thousands digit of 18543015?
5
What is the hundred thousands digit of 255617?
2
What is the thousands digit of 111938?
1
What is the units digit of 282037?
7
What is the units digit of 9755137?
7
What is the thousands digit of 1051873?
1
What is the units digit of 2862?
2
What is the hundreds digit of 168788?
7
What is the ten thousands digit of 588178?
8
What is the tens digit of 337778?
7
What is the thousands digit of 4224396?
4
What is the ten thousands digit of 4702643?
0
What is the hundreds digit of 2092293?
2
What is the tens digit of 730665?
6
What is the thousands digit of 492591?
2
What is the thousands digit of 3915533?
5
What is the hundred thousands digit of 8453186?
4
What is the hundred thousands digit of 959054?
9
What is the millions digit of 5144590?
5
What is the units digit of 616701?
1
What is the tens digit of 20791284?
8
What is the tens digit of 13376163?
6
What is the ten thousands digit of 74725?
7
What is the tens digit of 9124?
2
What is the ten thousands digit of 1687223?
8
What is the thousands digit of 18410367?
0
What is the hundred thousands digit of 2359860?
3
What is the tens digit of 21790?
9
What is the hundreds digit of 85990?
9
What is the hundreds digit of 810525?
5
What is the hundred thousands digit of 8432741?
4
What is the millions digit of 2033778?
2
What is the hundred thousands digit of 3457263?
4
What is the thousands digit of 2106862?
6
What is the hundred thousands digit of 13465964?
4
What is the thousands digit of 170724?
0
What is the hundreds digit of 453380?
3
What is the hundreds digit of 343392?
3
What is the tens digit of 685680?
8
What is the ten thousands digit of 1410836?
1
What is the millions digit of 23067915?
3
What is the thousands digit of 3250853?
0
What is the hundred thousands digit of 6441186?
4
What is the hundreds digit of 858382?
3
What is the thousands digit of 392108?
2
What is the ten thousands digit of 294193?
9
What is the thousands digit of 3430358?
0
What is the thousands digit of 853778?
3
What is the tens digit of 1379531?
3
What is the hundreds digit of 3788118?
1
What is the ten thousands digit of 150966?
5
What is the hundreds digit of 13981297?
2
What is the tens digit of 2272420?
2
What is the hundred thousands digit of 13933405?
9
What is the hundreds digit of 1336166?
1
What is the ten thousands digit of 2565306?
6
What is the hundreds digit of 759196?
1
What is the tens digit of 7717064?
6
What is the hundreds digit of 8773966?
9
What is the millions digit of 13991270?
3
What is the ten thousands digit of 472322?
7
What is the units digit of 6681700?
0
What is the tens digit of 87485?
8
What is the hundreds digit of 790592?
5
What is the ten millions digit of 16249202?
1
What is the millions digit of 8712568?
8
What is the ten millions digit of 21530482?
2
What is the thousands digit of 336336?
6
What is the thousands digit of 22917508?
7
What is the units digit of 121564?
4
What is the ten thousands digit of 12625738?
2
What is the units digit of 847702?
2
What is the hundreds digit of 22039279?
2
What is the units digit of 502432?
2
What is the ten thousands digit of 44480?
4
What is the thousands digit of 1183611?
3
What is the hundreds digit of 417618?
6
What is the hundreds digit of 298776?
7
What is the hundreds digit of 228245?
2
What is the units digit of 2588971?
1
What is the ten millions digit of 16940492?
1
What is the units digit of 13992824?
4
What is the ten millions digit of 12991434?
1
What is the ten millions digit of 11256915?
1
What is the hundreds digit of 145822?
8
What is the hundred thousands digit of 1261925?
2
What is the tens digit of 2528927?
2
What is the millions digit of 1464713?
1
What is the hundreds digit of 11452085?
0
What is the tens digit of 731167?
6
What is the hundreds digit of 2894961?
9
What is the hundreds digit of 261450?
4
What is the millions digit of 2209008?
2
What is the thousands digit of 318602?
8
What is the ten thousands digit of 27909082?
0
What is the hundreds digit of 80952?
9
What is the units digit of 11885727?
7
What is the ten thousands digit of 466355?
6
What is the millions digit of 5873972?
5
What is the tens digit of 304481?
8
What is the thousands digit of 261080?
1
What is the units digit of 3280123?
3
What is the ten thousands digit of 441641?
4
What is the tens digit of 41182?
8
What is the units digit of 31916201?
1
What is the hundreds digit of 4059807?
8
What is the hundreds digit of 2043643?
6
What is the hundreds digit of 195295?
2
What is the hundreds digit of 28022992?
9
What is the ten thousands digit of 14012185?
1
What is the hundreds digit of 3269297?
2
What is the ten thousands digit of 11967748?
6
What is the thousands digit of 2968950?
8
What is the ten thousands digit of 27227621?
2
What is the thousands digit of 2573051?
3
What is the ten thousands digit of 2372247?
7
What is the ten thousands digit of 10282749?
8
What is the tens digit of 13526078?
7
What is the hundred thousands digit of 40015631?
0
What is the hundred thousands digit of 392098?
3
What is the ten thousands digit of 1159664?
5
What is the ten thousands digit of 284059?
8
What is the tens digit of 279088?
8
What is the millions digit of 22238172?
2
What is the ten thousands digit of 12573211?
7
What is the hundred thousands digit of 6048535?
0
What is the thousands digit of 9688151?
8
What is the thousands digit of 1484166?
4
What is the units digit of 248589?
9
What is the hundreds digit of 101499?
4
What is the ten thousands digit of 9879796?
7
What is the units digit of 711095?
5
What is the hundred thousands digit of 225772?
2
What is the ten thousands digit of 1247854?
4
What is the tens digit of 26548190?
9
What is the tens digit of 316728?
2
What is the units digit of 7427421?
1
What is the thousands digit of 62577?
2
What is the units digit of 4686879?
9
What is the hundred thousands digit of 5624682?
6
What is the tens digit of 15508743?
4
What is the tens digit of 568731?
3
What is the hundreds digit of 54995?
9
What is the tens digit of 8255689?
8
What is the hundreds digit of 2138362?
3
What is the millions digit of 2842170?
2
What is the thousands digit of 562470?
2
What is the ten thousands digit of 11710002?
1
What is the tens digit of 215343?
4
What is the ten thousands digit of 205360?
0
What is the hundred thousands digit of 770144?
7
What is the units digit of 255747?
7
What is the units digit of 29237759?
9
What is the thousands digit of 266048?
6
What is the hundred thousands digit of 10267474?
2
What is the ten thousands digit of 1317584?
1
What is the ten thousands digit of 1995200?
9
What is the units digit of 45484?
4
What is the hundreds digit of 1402495?
4
What is the millions digit of 3072122?
3
What is the hundreds digit of 2925665?
6
What is the units digit of 15594172?
2
What is the thousands digit of 4901905?
1
What is the units digit of 545788?
8
What is the hundred thousands digit of 5382225?
3
What is the ten thousands digit of 708769?
0
What is the hundred thousands digit of 37970673?
9
What is the ten millions digit of 10840323?
1
What is the units digit of 847571?
1
What is the ten thousands digit of 202816?
0
What is the tens digit of 6458769?
6
What is the thousands digit of 652451?
2
What is the units digit of 375823?
3
What is the units digit of 13684007?
7
What is the ten thousands digit of 18556084?
5
What is the ten millions digit of 17612310?
1
What is the hundreds digit of 546146?
1
What is the thousands di